t is 40 - -255331?
255411
In base 7, what is 102102 - 11?
102061
In base 9, what is 1250 - -48?
1308
In base 2, what is 10011110010110111010 - -100?
10011110010110111110
In base 11, what is 5a + -2730?
-2681
In base 10, what is 41 - 1289?
-1248
In base 6, what is -15 + -300523?
-300542
In base 11, what is -1 - -95a1?
95a0
In base 7, what is -2544146 - 13?
-2544162
In base 10, what is 146432 - 2?
146430
In base 11, what is 507a2 - -3?
507a5
In base 6, what is 15433 + 43?
15520
In base 14, what is 810 + -5c?
792
In base 5, what is 310020 - -3?
310023
In base 9, what is -5 + -15756?
-15762
In base 16, what is -36 - 303?
-339
In base 13, what is 6c5 + 6b?
763
In base 9, what is -420655 + 3?
-420652
In base 6, what is 5330230 - 0?
5330230
In base 3, what is 201121 - -22212?
1001110
In base 14, what is -2 + -826b?
-826d
In base 4, what is 10 + 3020311?
3020321
In base 11, what is 5a60a - 3?
5a607
In base 14, what is 10a - d5?
15
In base 2, what is 1101010 - -1010111101?
1100100111
In base 13, what is 1 - -2336c3?
2336c4
In base 9, what is 3 - 3002?
-2888
In base 11, what is -2679 - a?
-2688
In base 10, what is -7 - 72693?
-72700
In base 11, what is -6695 + -4?
-6699
In base 9, what is 32628 + 146?
32775
In base 5, what is 10 - 2122300?
-2122240
In base 4, what is -13 - 1011000230?
-1011000303
In base 12, what is 2 - -6a071?
6a073
In base 3, what is 2 + -200120012?
-200120010
In base 11, what is 30026 - 2?
30024
In base 4, what is -3220 - -20203?
10323
In base 8, what is 331 - -43045?
43376
In base 3, what is -2010 - -10122110?
10120100
In base 13, what is -2 + -b6a8a?
-b6a8c
In base 3, what is 101210011 - 21021?
101111220
In base 4, what is -232 - 20200?
-21032
In base 16, what is -b339 - -3?
-b336
In base 16, what is 2ee + -bec?
-8fe
In base 7, what is 2 - 31151?
-31146
In base 13, what is -2a015 - 7?
-2a01c
In base 16, what is -17a96 + 10?
-17a86
In base 16, what is -13 - -1f1c8?
1f1b5
In base 16, what is -36e208 + -3?
-36e20b
In base 2, what is 10010011110001010011 - 100?
10010011110001001111
In base 3, what is -21022110 + 100000?
-20222110
In base 15, what is 168 - -6?
16e
In base 8, what is -14037426 + 3?
-14037423
In base 4, what is -3 + -103122313?
-103122322
In base 4, what is 10 - -10001332?
10002002
In base 12, what is 45a + -84?
396
In base 13, what is -125 + -762?
-887
In base 11, what is a - 8a53?
-8a44
In base 13, what is 2b49 - -35?
2b81
In base 16, what is -1 - 6cf61?
-6cf62
In base 16, what is ba1 - 0?
ba1
In base 10, what is 3 + 13296?
13299
In base 12, what is -273 + 25b4?
2341
In base 2, what is -10 + 1110110011000010110?
1110110011000010100
In base 5, what is 141001433 + 0?
141001433
In base 13, what is -35b + -16a?
-4c8
In base 13, what is -87a0 + 13?
-878a
In base 15, what is -46ed + -3?
-4701
In base 9, what is 2473331 + 1?
2473332
In base 2, what is -11011000110110001111000 + -101?
-11011000110110001111101
In base 2, what is -111 + 11000000010?
10111111011
In base 9, what is 245 + -4151?
-3805
In base 14, what is c - -2656?
2664
In base 15, what is -2 + -10cb?
-10cd
In base 13, what is -2 - 67732?
-67734
In base 15, what is -5 - 5576?
-557b
In base 5, what is -11 + 110432?
110421
In base 7, what is 12233 + -141?
12062
In base 10, what is 40352 + 2?
40354
In base 11, what is -3776a + -37?
-377a6
In base 14, what is -5 - -a38c?
a387
In base 3, what is -2100211022 - 2?
-2100211101
In base 2, what is -10101101 + 10101?
-10011000
In base 13, what is 65a + -126?
534
In base 5, what is 4 + 323322243?
323322302
In base 2, what is 110 + -100100110001?
-100100101011
In base 12, what is 51526 + -2?
51524
In base 9, what is 72 + -785?
-713
In base 2, what is -100101111000 + -111001100?
-101101000100
In base 12, what is 176a8 + -2?
176a6
In base 16, what is 48f83 + -1?
48f82
In base 2, what is 1000101111110100 + 11?
1000101111110111
In base 13, what is 143c0 - -50?
14440
In base 5, what is -4432 - -134?
-4243
In base 16, what is -11e7 + 4?
-11e3
In base 8, what is -10 + 26275?
26265
In base 13, what is a90 - 3?
a8a
In base 2, what is 11 - 10010111010011101011?
-10010111010011101000
In base 3, what is -1111 - -100121?
22010
In base 8, what is 203 + -30?
153
In base 5, what is -2402302 - 2?
-2402304
In base 13, what is -3b - 8ca?
-938
In base 8, what is -2 + -1102771?
-1102773
In base 14, what is 1d + -124?
-105
In base 9, what is 1338446 - -3?
1338450
In base 6, what is -1 - 25411?
-25412
In base 4, what is -12 + -100331313?
-100331331
In base 10, what is 11 + 49657?
49668
In base 10, what is 2518 - 5?
2513
In base 12, what is 82 - 10aa0?
-10a1a
In base 9, what is -613 + 17445?
16732
In base 3, what is -101111 + -11120000?
-11221111
In base 8, what is -20 + -5167?
-5207
In base 8, what is 3 + 12747?
12752
In base 12, what is 1945 - -60?
19a5
In base 16, what is 26c + 3a1?
60d
In base 11, what is -12711 + -5?
-12716
In base 7, what is -5043 - -25?
-5015
In base 7, what is -6 - 433665?
-434004
In base 8, what is 6023 + 11?
6034
In base 2, what is -111010110010100 - 11?
-111010110010111
In base 3, what is 1 - -22100020110?
22100020111
In base 15, what is 69 + 27e?
2e8
In base 14, what is 76 - -11c?
194
In base 9, what is 27 + 361?
388
In base 4, what is -2122213 - -113?
-2122100
In base 5, what is -1 - 234412221?
-234412222
In base 4, what is -20 - -210300?
210220
In base 7, what is -5 - 41666?
-42004
In base 8, what is 5 + 424146?
424153
In base 11, what is 443 - 12?
431
In base 8, what is 505 - 144?
341
In base 5, what is -130011 + -104?
-130120
In base 3, what is 1101220 + -2002001?
-200011
In base 3, what is -1201212020 + 11?
-1201212002
In base 6, what is -2 - 50445200?
-50445202
In base 5, what is 10 + -332211413?
-332211403
In base 15, what is d + -45045?
-45037
In base 10, what is 520164 + -2?
520162
In base 9, what is -718886 + 1?
-718885
In base 9, what is 8375 + 14?
8400
In base 5, what is 131 + -213021?
-212340
In base 11, what is -2489 - -11?
-2478
In base 7, what is -50122 + 5?
-50114
In base 12, what is 3 + -1626?
-1623
In base 4, what is -103332 + -13?
-110011
In base 10, what is -118 - 6326?
-6444
In base 15, what is -2052 + -89?
-20db
In base 4, what is 3120 + -312?
2202
In base 12, what is -4162b - 32?
-41661
In base 12, what is 360 + 527?
887
In base 4, what is -120213321 - 3?
-120213330
In base 7, what is 6 - 4436?
-4430
In base 2, what is -100101111010011 + -111110?
-100110000010001
In base 16, what is -6d + -54aa?
-5517
In base 12, what is 154 + ba?
252
In base 12, what is -4 + -145042?
-145046
In base 5, what is 102203 + 40?
102243
In base 16, what is 625a7 - -3?
625aa
In base 9, what is -237 - -14161?
13823
In base 4, what is 120 + 310012?
310132
In base 8, what is -1000 - -744?
-34
In base 15, what is -88 - 176d?
-1806
In base 3, what is -12 + 10011121202212?
10011121202200
In base 15, what is -d88b - -1?
-d88a
In base 2, what is -100110001 + -100100110?
-1001010111
In base 11, what is -4 - -7a82?
7a79
In base 12, what is 17029 + 4?
17031
In base 12, what is -286577 + 3?
-286574
In base 11, what is -1701 - 16?
-1717
In base 9, what is 0 - -4832?
4832
In base 6, what is -140221 + -4?
-140225
In base 7, what is 1024012 + -5?
1024004
In base 16, what is -9c6 + c3?
-903
In base 16, what is -b013 - -14?
-afff
In base 13, what is -5 + -1b908c?
-1b9094
In base 7, what is -1654 + -362?
-2346
In base 6, what is 4 - -1030?
1034
In base 15, what is -5535 + -3?
-5538
In base 9, what is 37 + -681?
-643
In base 8, what is -1300 - -53?
-1225
In base 16, what is -14 - -b33?
b1f
In base 10, what is -25 + 1444?
1419
In base 6, what is -11514111 + 12?
-11514055
In base 9, what is 1 - 3654?
-3653
In base 8, what is -131607 + -51?
-131660
In base 5, what is 1242224 + -332?
1241342
In base 9, what is 834 - -3150?
4084
In base 7, what is -166405 - -5?
-166400
In base 8, what is 747076 + -2?
747074
In base 9, what is 10074 + -1?
10073
In base 6, what is 21 - 13103?
-13042
In base 3, what is -12 - -1022200212?
1022200200
In base 2, what is -1111000101 + -111000101?
-10110001010
In base 7, what is -1000 + 53631?
52631
In base 7, what is 0 - 216206?
-216206
In base 14, what is -5391 + -2?
-5393
In base 16, what is -feb95 - 3?
-feb98
In base 4, what is 200200 - 131?
200003
In base 8, what is -24142 + 3?
-24137
In base 13, what is 5 + -547